{"id":57,"date":"2016-09-20T09:19:34","date_gmt":"2016-09-20T14:19:34","guid":{"rendered":"https:\/\/mezcalvinatero.com\/index.php\/home\/"},"modified":"2022-10-25T03:14:40","modified_gmt":"2022-10-25T03:14:40","slug":"home","status":"publish","type":"page","link":"https:\/\/mezcalvinatero.com\/","title":{"rendered":"Home"},"content":{"rendered":"<div id=\"cs-content\" class=\"cs-content\"><div class=\"x-section e57-1 m1l-0 m1l-1 m1l-2 m1l-3\"><div class=\"x-bg\" aria-hidden=\"true\"><div class=\"x-bg-layer-lower-image\" data-x-element-bg-layer=\"{&quot;parallaxSize&quot;:&quot;150%&quot;,&quot;parallaxDir&quot;:&quot;v&quot;,&quot;parallaxRev&quot;:false}\" style=\" background-image: url(https:\/\/mezcalvinatero.com\/wp-content\/uploads\/2022\/10\/cenizo-y-encino-scaled.jpg); background-repeat: no-repeat; background-position: center; background-size: cover;\"><\/div><\/div><div class=\"x-row e57-2 m1l-7 m1l-8 m1l-9\"><div class=\"x-row-inner\"><div class=\"x-col e57-3 m1l-d m1l-e m1l-f\"><div class=\"x-text e57-4 m1l-l m1l-m m1l-n\"><p>\u201cMientras sinti\u00f3 el fierro del hacha<br>se ferment\u00f3 en pilas de madera,<br>y pas\u00f3 por el ilustre viejo,<br>Levanto mi copa agradeciendo,<br>Que de mezcal sea mi vino,<br>Que mi vino sea de mezcal\u201d\n<\/p><\/div><\/div><div class=\"x-col e57-5 m1l-d m1l-e m1l-g m1l-h\"><span class=\"x-image e57-6 m1l-q\"><img src=\"https:\/\/mezcalvinatero.com\/wp-content\/uploads\/2022\/10\/banner-cenizo.png\" width=\"3318\" height=\"2212\" alt=\"Image\" loading=\"lazy\"><\/span><\/div><\/div><\/div><\/div><div class=\"x-section e57-7 m1l-0 m1l-4  x-hide-lg x-hide-md x-hide-sm x-hide-xl\"><div class=\"x-row x-container max width e57-8 m1l-7 m1l-a m1l-b\"><div class=\"x-row-inner\"><div class=\"x-col e57-9 m1l-e m1l-h m1l-i m1l-j\"><div class=\"x-text x-text-headline e57-10 m1l-r m1l-s\"><div class=\"x-text-content\"><div class=\"x-text-content-text\"><h1 class=\"x-text-content-text-primary\">Vinatero de Coraz&oacute;n<\/h1><\/div><\/div><\/div><div class=\"x-text e57-11 m1l-m m1l-n m1l-o\"><p>Promueve y defiende los procesos tradicionales duranguenses. Producidos en nuestras vinatas locales, nuestros vinos de mezcal son parte del<br \/>patrimonio l&iacute;quido duraguense y mexicano.<\/p><\/div><a class=\"x-anchor x-anchor-button e57-12 m1l-u\" tabindex=\"0\" href=\"#\"><div class=\"x-anchor-content\"><div class=\"x-anchor-text\"><span class=\"x-anchor-text-primary\">NUESTRA FILOSOF\u00cdA<\/span><\/div><\/div><\/a><\/div><\/div><\/div><\/div><div class=\"x-section e57-13 m1l-0 m1l-4  x-hide-xs\"><div class=\"x-row x-container max width e57-14 m1l-7 m1l-a\"><div class=\"x-row-inner\"><div class=\"x-col e57-15 m1l-e m1l-h m1l-i m1l-j\"><\/div><div class=\"x-col e57-16 m1l-e m1l-h m1l-i m1l-j\"><div class=\"x-text x-text-headline e57-17 m1l-r m1l-s\"><div class=\"x-text-content\"><div class=\"x-text-content-text\"><h1 class=\"x-text-content-text-primary\">Vinatero de Coraz&oacute;n<\/h1><\/div><\/div><\/div><div class=\"x-text e57-18 m1l-m m1l-n m1l-o\"><p>Promueve y defiende los procesos tradicionales duranguenses. Producidos en nuestras vinatas locales, nuestros vinos de mezcal son parte del<br \/>patrimonio l&iacute;quido duraguense y mexicano.<\/p><\/div><a class=\"x-anchor x-anchor-button e57-19 m1l-u\" tabindex=\"0\" href=\"#\"><div class=\"x-anchor-content\"><div class=\"x-anchor-text\"><span class=\"x-anchor-text-primary\">NUESTRA FILOSOF\u00cdA<\/span><\/div><\/div><\/a><\/div><div class=\"x-col e57-20 m1l-e m1l-h m1l-i m1l-j\"><\/div><\/div><\/div><\/div><div class=\"x-section e57-21 m1l-0 m1l-1 m1l-3 m1l-5\" id=\"productos\"><div class=\"x-bg\" aria-hidden=\"true\"><div class=\"x-bg-layer-lower-image\" data-x-element-bg-layer=\"{&quot;parallaxSize&quot;:&quot;150%&quot;,&quot;parallaxDir&quot;:&quot;v&quot;,&quot;parallaxRev&quot;:false}\" style=\" background-image: url(https:\/\/mezcalvinatero.com\/wp-content\/uploads\/2022\/10\/ZOOM-ETIQUETA-scaled.jpg); background-repeat: no-repeat; background-position: center; background-size: cover;\"><\/div><\/div><div class=\"x-row e57-22 m1l-7 m1l-8 m1l-9\"><div class=\"x-row-inner\"><div class=\"x-col e57-23 m1l-d m1l-e m1l-f m1l-j\"><div class=\"x-text e57-24 m1l-l m1l-m m1l-p\"><p><strong>Cenizo Viejo 2 a\u00f1os<\/strong><br \/>\n<strong>Lote D22-0322<\/strong><br \/>\n<strong>72 litros \/ 94 botellas<\/strong><\/p>\n<p>Segundo lote del a\u00f1o, sus notas a pino fresco combinadas a la le\u00f1a de cedro har\u00e1n vivir una noche de navidad a cualquier suertudo que pruebe ese lote.<\/p><\/div><a class=\"x-anchor x-anchor-button e57-25 m1l-u\" tabindex=\"0\" href=\"https:\/\/wa.me\/526181102676\"><div class=\"x-anchor-content\"><div class=\"x-anchor-text\"><span class=\"x-anchor-text-primary\">COMPRAR AHORA<\/span><\/div><\/div><\/a><\/div><\/div><\/div><\/div><div class=\"x-section e57-26 m1l-0 m1l-4  x-hide-lg x-hide-md x-hide-sm x-hide-xl\"><div class=\"x-row x-container max width e57-27 m1l-7 m1l-a m1l-b\"><div class=\"x-row-inner\"><div class=\"x-col e57-28 m1l-e m1l-h m1l-i m1l-j\"><div class=\"x-text x-text-headline e57-29 m1l-r m1l-s\"><div class=\"x-text-content\"><div class=\"x-text-content-text\"><h1 class=\"x-text-content-text-primary\">Tradiciones Duranguenses<\/h1><\/div><\/div><\/div><div class=\"x-text e57-30 m1l-m m1l-n m1l-o\"><p>Una labor que resalta, al saborear nuestros agaves silvestres, creados por las manos expertas involucradas en la realizaci&oacute;n de este arte l&iacute;quido, hoy reconocido en el mundo como mezcal.<\/p><\/div><a class=\"x-anchor x-anchor-button e57-31 m1l-u\" tabindex=\"0\" href=\"#\"><div class=\"x-anchor-content\"><div class=\"x-anchor-text\"><span class=\"x-anchor-text-primary\">NUESTRA FILOSOF\u00cdA<\/span><\/div><\/div><\/a><\/div><\/div><\/div><\/div><div class=\"x-section e57-32 m1l-0 m1l-4  x-hide-xs\"><div class=\"x-row x-container max width e57-33 m1l-7 m1l-a\"><div class=\"x-row-inner\"><div class=\"x-col e57-34 m1l-e m1l-h m1l-i m1l-j\"><\/div><div class=\"x-col e57-35 m1l-e m1l-h m1l-i m1l-j\"><div class=\"x-text x-text-headline e57-36 m1l-r m1l-s\"><div class=\"x-text-content\"><div class=\"x-text-content-text\"><h1 class=\"x-text-content-text-primary\">Tradiciones Duranguenses<\/h1><\/div><\/div><\/div><div class=\"x-text e57-37 m1l-m m1l-n m1l-o\"><p>Una labor que resalta, al saborear nuestros agaves silvestres, creados por las manos expertas involucradas en la realizaci&oacute;n de este arte l&iacute;quido, hoy reconocido en el mundo como mezcal.<\/p><\/div><a class=\"x-anchor x-anchor-button e57-38 m1l-u\" tabindex=\"0\" href=\"#\"><div class=\"x-anchor-content\"><div class=\"x-anchor-text\"><span class=\"x-anchor-text-primary\">NUESTRA FILOSOF\u00cdA<\/span><\/div><\/div><\/a><\/div><div class=\"x-col e57-39 m1l-e m1l-h m1l-i m1l-j\"><\/div><\/div><\/div><\/div><div class=\"x-section e57-40 m1l-0 m1l-3 m1l-6\"><div class=\"x-bg\" aria-hidden=\"true\"><div class=\"x-bg-layer-lower-image\" data-x-element-bg-layer=\"{&quot;parallaxSize&quot;:&quot;150%&quot;,&quot;parallaxDir&quot;:&quot;v&quot;,&quot;parallaxRev&quot;:false}\" style=\" background-image: url(https:\/\/mezcalvinatero.com\/wp-content\/uploads\/2022\/10\/burro-cargando-cenizo-fondo-borroso-scaled.jpg); background-repeat: no-repeat; background-position: center; background-size: cover;\"><\/div><\/div><div class=\"x-row e57-41 m1l-7 m1l-8 m1l-c\"><div class=\"x-row-inner\"><div class=\"x-col e57-42 m1l-d m1l-e m1l-k\"><div class=\"x-text x-text-headline e57-43 m1l-s m1l-t\"><div class=\"x-text-content\"><div class=\"x-text-content-text\"><h1 class=\"x-text-content-text-primary\"><p>Contacto<br \/>\nCel: +52 618 110 2676<br \/>\nmezcalvinatero@gmail.com<br \/>\n@mezcalvinatero<\/p><\/h1><\/div><\/div><\/div><a class=\"x-anchor x-anchor-button e57-44 m1l-u\" tabindex=\"0\" href=\"https:\/\/wa.me\/526181102676\"><div class=\"x-anchor-content\"><div class=\"x-anchor-text\"><span class=\"x-anchor-text-primary\">CONTACTAR<\/span><\/div><\/div><\/a><\/div><\/div><\/div><\/div><\/div>\n","protected":false},"excerpt":{"rendered":"<p>\u201cMientras sinti\u00f3 el fierro del hachase ferment\u00f3 en pilas de madera,y pas\u00f3 por el ilustre viejo,Levanto mi copa agradeciendo,Que de mezcal sea mi vino,Que mi vino sea de mezcal\u201d Vinatero de Coraz&oacute;nPromueve y defiende los procesos tradicionales duranguenses. Producidos en nuestras vinatas locales, nuestros vinos de mezcal son parte delpatrimonio l&iacute;quido duraguense y mexicano.NUESTRA FILOSOF\u00cdAVinatero de Coraz&oacute;nPromueve y defiende los &#8230; <a href=\"https:\/\/mezcalvinatero.com\/\" class=\"more-link\">Read More<\/a><\/p>\n","protected":false},"author":1,"featured_media":0,"parent":0,"menu_order":0,"comment_status":"closed","ping_status":"closed","template":"template-blank-4.php","meta":{"om_disable_all_campaigns":false,"_monsterinsights_skip_tracking":false,"_monsterinsights_sitenote_active":false,"_monsterinsights_sitenote_note":"","_monsterinsights_sitenote_category":0},"aioseo_notices":[],"_links":{"self":[{"href":"https:\/\/mezcalvinatero.com\/index.php\/wp-json\/wp\/v2\/pages\/57"}],"collection":[{"href":"https:\/\/mezcalvinatero.com\/index.php\/wp-json\/wp\/v2\/pages"}],"about":[{"href":"https:\/\/mezcalvinatero.com\/index.php\/wp-json\/wp\/v2\/types\/page"}],"author":[{"embeddable":true,"href":"https:\/\/mezcalvinatero.com\/index.php\/wp-json\/wp\/v2\/users\/1"}],"replies":[{"embeddable":true,"href":"https:\/\/mezcalvinatero.com\/index.php\/wp-json\/wp\/v2\/comments?post=57"}],"version-history":[{"count":11,"href":"https:\/\/mezcalvinatero.com\/index.php\/wp-json\/wp\/v2\/pages\/57\/revisions"}],"predecessor-version":[{"id":106,"href":"https:\/\/mezcalvinatero.com\/index.php\/wp-json\/wp\/v2\/pages\/57\/revisions\/106"}],"wp:attachment":[{"href":"https:\/\/mezcalvinatero.com\/index.php\/wp-json\/wp\/v2\/media?parent=57"}],"curies":[{"name":"wp","href":"https:\/\/api.w.org\/{rel}","templated":true}]}}

<div id="cs-content" class="cs-content"><div class="x-section e57-1 m1l-0 m1l-1 m1l-2 m1l-3"><div class="x-bg" aria-hidden="true"><div class="x-bg-layer-lower-image" data-x-element-bg-layer="{&quot;parallaxSize&quot;:&quot;150%&quot;,&quot;parallaxDir&quot;:&quot;v&quot;,&quot;parallaxRev&quot;:false}" style=" background-image: url(https://mezcalvinatero.com/wp-content/uploads/2022/10/cenizo-y-encino-scaled.jpg); background-repeat: no-repeat; background-position: center; background-size: cover;"></div></div><div class="x-row e57-2 m1l-7 m1l-8 m1l-9"><div class="x-row-inner"><div class="x-col e57-3 m1l-d m1l-e m1l-f"><div class="x-text e57-4 m1l-l m1l-m m1l-n"><p>“Mientras sintió el fierro del hacha<br>se fermentó en pilas de madera,<br>y pasó por el ilustre viejo,<br>Levanto mi copa agradeciendo,<br>Que de mezcal sea mi vino,<br>Que mi vino sea de mezcal”
</p></div></div><div class="x-col e57-5 m1l-d m1l-e m1l-g m1l-h"><span class="x-image e57-6 m1l-q"><img src="https://mezcalvinatero.com/wp-content/uploads/2022/10/banner-cenizo.png" width="3318" height="2212" alt="Image" loading="lazy"></span></div></div></div></div><div class="x-section e57-7 m1l-0 m1l-4  x-hide-lg x-hide-md x-hide-sm x-hide-xl"><div class="x-row x-container max width e57-8 m1l-7 m1l-a m1l-b"><div class="x-row-inner"><div class="x-col e57-9 m1l-e m1l-h m1l-i m1l-j"><div class="x-text x-text-headline e57-10 m1l-r m1l-s"><div class="x-text-content"><div class="x-text-content-text"><h1 class="x-text-content-text-primary">Vinatero de Coraz&oacute;n</h1></div></div></div><div class="x-text e57-11 m1l-m m1l-n m1l-o"><p>Promueve y defiende los procesos tradicionales duranguenses. Producidos en nuestras vinatas locales, nuestros vinos de mezcal son parte del<br />patrimonio l&iacute;quido duraguense y mexicano.</p></div><a class="x-anchor x-anchor-button e57-12 m1l-u" tabindex="0" href="#"><div class="x-anchor-content"><div class="x-anchor-text"><span class="x-anchor-text-primary">NUESTRA FILOSOFÍA</span></div></div></a></div></div></div></div><div class="x-section e57-13 m1l-0 m1l-4  x-hide-xs"><div class="x-row x-container max width e57-14 m1l-7 m1l-a"><div class="x-row-inner"><div class="x-col e57-15 m1l-e m1l-h m1l-i m1l-j"></div><div class="x-col e57-16 m1l-e m1l-h m1l-i m1l-j"><div class="x-text x-text-headline e57-17 m1l-r m1l-s"><div class="x-text-content"><div class="x-text-content-text"><h1 class="x-text-content-text-primary">Vinatero de Coraz&oacute;n</h1></div></div></div><div class="x-text e57-18 m1l-m m1l-n m1l-o"><p>Promueve y defiende los procesos tradicionales duranguenses. Producidos en nuestras vinatas locales, nuestros vinos de mezcal son parte del<br />patrimonio l&iacute;quido duraguense y mexicano.</p></div><a class="x-anchor x-anchor-button e57-19 m1l-u" tabindex="0" href="#"><div class="x-anchor-content"><div class="x-anchor-text"><span class="x-anchor-text-primary">NUESTRA FILOSOFÍA</span></div></div></a></div><div class="x-col e57-20 m1l-e m1l-h m1l-i m1l-j"></div></div></div></div><div class="x-section e57-21 m1l-0 m1l-1 m1l-3 m1l-5" id="productos"><div class="x-bg" aria-hidden="true"><div class="x-bg-layer-lower-image" data-x-element-bg-layer="{&quot;parallaxSize&quot;:&quot;150%&quot;,&quot;parallaxDir&quot;:&quot;v&quot;,&quot;parallaxRev&quot;:false}" style=" background-image: url(https://mezcalvinatero.com/wp-content/uploads/2022/10/ZOOM-ETIQUETA-scaled.jpg); background-repeat: no-repeat; background-position: center; background-size: cover;"></div></div><div class="x-row e57-22 m1l-7 m1l-8 m1l-9"><div class="x-row-inner"><div class="x-col e57-23 m1l-d m1l-e m1l-f m1l-j"><div class="x-text e57-24 m1l-l m1l-m m1l-p"><p><strong>Cenizo Viejo 2 años</strong><br />
<strong>Lote D22-0322</strong><br />
<strong>72 litros / 94 botellas</strong></p>
<p>Segundo lote del año, sus notas a pino fresco combinadas a la leña de cedro harán vivir una noche de navidad a cualquier suertudo que pruebe ese lote.</p></div><a class="x-anchor x-anchor-button e57-25 m1l-u" tabindex="0" href="https://wa.me/526181102676"><div class="x-anchor-content"><div class="x-anchor-text"><span class="x-anchor-text-primary">COMPRAR AHORA</span></div></div></a></div></div></div></div><div class="x-section e57-26 m1l-0 m1l-4  x-hide-lg x-hide-md x-hide-sm x-hide-xl"><div class="x-row x-container max width e57-27 m1l-7 m1l-a m1l-b"><div class="x-row-inner"><div class="x-col e57-28 m1l-e m1l-h m1l-i m1l-j"><div class="x-text x-text-headline e57-29 m1l-r m1l-s"><div class="x-text-content"><div class="x-text-content-text"><h1 class="x-text-content-text-primary">Tradiciones Duranguenses</h1></div></div></div><div class="x-text e57-30 m1l-m m1l-n m1l-o"><p>Una labor que resalta, al saborear nuestros agaves silvestres, creados por las manos expertas involucradas en la realizaci&oacute;n de este arte l&iacute;quido, hoy reconocido en el mundo como mezcal.</p></div><a class="x-anchor x-anchor-button e57-31 m1l-u" tabindex="0" href="#"><div class="x-anchor-content"><div class="x-anchor-text"><span class="x-anchor-text-primary">NUESTRA FILOSOFÍA</span></div></div></a></div></div></div></div><div class="x-section e57-32 m1l-0 m1l-4  x-hide-xs"><div class="x-row x-container max width e57-33 m1l-7 m1l-a"><div class="x-row-inner"><div class="x-col e57-34 m1l-e m1l-h m1l-i m1l-j"></div><div class="x-col e57-35 m1l-e m1l-h m1l-i m1l-j"><div class="x-text x-text-headline e57-36 m1l-r m1l-s"><div class="x-text-content"><div class="x-text-content-text"><h1 class="x-text-content-text-primary">Tradiciones Duranguenses</h1></div></div></div><div class="x-text e57-37 m1l-m m1l-n m1l-o"><p>Una labor que resalta, al saborear nuestros agaves silvestres, creados por las manos expertas involucradas en la realizaci&oacute;n de este arte l&iacute;quido, hoy reconocido en el mundo como mezcal.</p></div><a class="x-anchor x-anchor-button e57-38 m1l-u" tabindex="0" href="#"><div class="x-anchor-content"><div class="x-anchor-text"><span class="x-anchor-text-primary">NUESTRA FILOSOFÍA</span></div></div></a></div><div class="x-col e57-39 m1l-e m1l-h m1l-i m1l-j"></div></div></div></div><div class="x-section e57-40 m1l-0 m1l-3 m1l-6"><div class="x-bg" aria-hidden="true"><div class="x-bg-layer-lower-image" data-x-element-bg-layer="{&quot;parallaxSize&quot;:&quot;150%&quot;,&quot;parallaxDir&quot;:&quot;v&quot;,&quot;parallaxRev&quot;:false}" style=" background-image: url(https://mezcalvinatero.com/wp-content/uploads/2022/10/burro-cargando-cenizo-fondo-borroso-scaled.jpg); background-repeat: no-repeat; background-position: center; background-size: cover;"></div></div><div class="x-row e57-41 m1l-7 m1l-8 m1l-c"><div class="x-row-inner"><div class="x-col e57-42 m1l-d m1l-e m1l-k"><div class="x-text x-text-headline e57-43 m1l-s m1l-t"><div class="x-text-content"><div class="x-text-content-text"><h1 class="x-text-content-text-primary"><p>Contacto<br />
Cel: +52 618 110 2676<br />
mezcalvinatero@gmail.com<br />
@mezcalvinatero</p></h1></div></div></div><a class="x-anchor x-anchor-button e57-44 m1l-u" tabindex="0" href="https://wa.me/526181102676"><div class="x-anchor-content"><div class="x-anchor-text"><span class="x-anchor-text-primary">CONTACTAR</span></div></div></a></div></div></div></div></div>

<p>“Mientras sintió el fierro del hachase fermentó en pilas de madera,y pasó por el ilustre viejo,Levanto mi copa agradeciendo,Que de mezcal sea mi vino,Que mi vino sea de mezcal” Vinatero de Coraz&oacute;nPromueve y defiende los procesos tradicionales duranguenses. Producidos en nuestras vinatas locales, nuestros vinos de mezcal son parte delpatrimonio l&iacute;quido duraguense y mexicano.NUESTRA FILOSOFÍAVinatero de Coraz&oacute;nPromueve y defiende los &#8230; <a href="https://mezcalvinatero.com/" class="more-link">Read More</a></p>
